t the prime factors of 5886193.
89, 66137
List the prime factors of 63648.
2, 3, 13, 17
List the prime factors of 57583.
89, 647
List the prime factors of 9219882.
2, 3, 7, 17, 37, 349
What are the prime factors of 276245?
5, 55249
List the prime factors of 5459530.
2, 5, 53, 10301
List the prime factors of 7111695.
3, 5, 17, 167
List the prime factors of 3167509.
19, 43, 3877
What are the prime factors of 177932?
2, 44483
List the prime factors of 24985460.
2, 5, 1249273
What are the prime factors of 528790?
2, 5, 52879
List the prime factors of 11414.
2, 13, 439
List the prime factors of 338526.
2, 3, 6269
List the prime factors of 1200012.
2, 3, 11, 9091
List the prime factors of 461751.
3, 149, 1033
What are the prime factors of 11211900?
2, 3, 5, 7, 19, 281
List the prime factors of 5339164.
2, 137, 9743
What are the prime factors of 2755300?
2, 5, 59, 467
What are the prime factors of 632341?
367, 1723
List the prime factors of 900283.
900283
List the prime factors of 1378807.
1378807
What are the prime factors of 214014?
2, 3, 53, 673
List the prime factors of 505746.
2, 3, 28097
What are the prime factors of 473547?
3, 23, 6863
List the prime factors of 119924.
2, 7, 4283
What are the prime factors of 7646582?
2, 41, 93251
What are the prime factors of 5463?
3, 607
What are the prime factors of 17681912?
2, 139, 15901
What are the prime factors of 7765785?
3, 5, 172573
List the prime factors of 1882203.
3, 727, 863
List the prime factors of 62200.
2, 5, 311
List the prime factors of 507386.
2, 11, 23063
What are the prime factors of 4104328?
2, 513041
List the prime factors of 67433.
67433
List the prime factors of 753229.
753229
What are the prime factors of 443791?
443791
List the prime factors of 1852633.
19, 281, 347
What are the prime factors of 35652346?
2, 23, 593, 1307
What are the prime factors of 15297?
3, 5099
List the prime factors of 151545.
3, 5, 10103
List the prime factors of 148364.
2, 29, 1279
List the prime factors of 6720329.
7, 11, 87277
List the prime factors of 24633.
3, 7, 17, 23
What are the prime factors of 114032?
2, 7127
What are the prime factors of 1046423?
7, 149489
List the prime factors of 12014508.
2, 3, 11, 91019
What are the prime factors of 1012875?
3, 5, 37, 73
What are the prime factors of 586315?
5, 149, 787
List the prime factors of 737454.
2, 3, 89, 1381
What are the prime factors of 11005882?
2, 1447, 3803
What are the prime factors of 249433?
249433
What are the prime factors of 2283430?
2, 5, 389, 587
List the prime factors of 138580.
2, 5, 13, 41
What are the prime factors of 76541?
76541
List the prime factors of 1786401.
3, 109, 607
What are the prime factors of 299092?
2, 23, 3251
What are the prime factors of 263622?
2, 3, 53, 829
List the prime factors of 2478919.
1181, 2099
List the prime factors of 745043.
13, 223, 257
List the prime factors of 429210.
2, 3, 5, 19, 251
What are the prime factors of 159387?
3, 53129
List the prime factors of 388622.
2, 13, 14947
What are the prime factors of 21131239?
521, 40559
List the prime factors of 458208.
2, 3, 37, 43
What are the prime factors of 1480098?
2, 3, 246683
List the prime factors of 152041.
152041
What are the prime factors of 720990?
2, 3, 5, 8011
List the prime factors of 208796.
2, 7, 7457
What are the prime factors of 13635906?
2, 3, 37, 239, 257
List the prime factors of 6002781.
3, 2000927
List the prime factors of 644848.
2, 41, 983
What are the prime factors of 186262?
2, 93131
What are the prime factors of 199403?
199403
List the prime factors of 194924.
2, 48731
List the prime factors of 1479043.
47, 31469
List the prime factors of 22602.
2, 3, 3767
List the prime factors of 3402242.
2, 1701121
What are the prime factors of 4427909?
503, 8803
What are the prime factors of 276848?
2, 11, 13
List the prime factors of 2779132.
2, 694783
List the prime factors of 126121.
29, 4349
What are the prime factors of 14916046?
2, 41, 181903
What are the prime factors of 91905?
3, 5, 11, 557
List the prime factors of 148760.
2, 5, 3719
List the prime factors of 476242.
2, 13, 1409
What are the prime factors of 17433767?
13, 53, 25303
List the prime factors of 1697094.
2, 3, 7, 13469
List the prime factors of 20095195.
5, 733, 5483
List the prime factors of 31024826.
2, 7, 499, 4441
List the prime factors of 13829719.
179, 77261
What are the prime factors of 1493258?
2, 13, 79, 727
What are the prime factors of 571020?
2, 3, 5, 31, 307
What are the prime factors of 3001813?
1279, 2347
List the prime factors of 203091.
3, 7, 19, 509
What are the prime factors of 10554897?
3, 53, 66383
What are the prime factors of 8759289?
3, 7, 11, 5417
What are the prime factors of 1321590?
2, 3, 5, 44053
What are the prime factors of 10918124?
2, 7, 149, 2617
List the prime factors of 43109.
11, 3919
List the prime factors of 6024585.
3, 5, 7, 181, 317
What are the prime factors of 265443?
3, 23, 3847
List the prime factors of 9134208.
2, 3, 881
List the prime factors of 16247255.
5, 31, 37, 2833
List the prime factors of 322074.
2, 3, 29, 617
List the prime factors of 2939244.
2, 3, 7, 11, 3181
List the prime factors of 12444823.
12444823
What are the prime factors of 431757?
3, 15991
What are the prime factors of 215549?
439, 491
List the prime factors of 2275841.
17, 133873
What are the prime factors of 83352?
2, 3, 23, 151
List the prime factors of 1764872.
2, 17, 19, 683
List the prime factors of 2879279.
13, 19, 11657
List the prime factors of 1895689.
821, 2309
List the prime factors of 85018.
2, 42509
List the prime factors of 1173888.
2, 3, 1019
List the prime factors of 701084.
2, 53, 3307
What are the prime factors of 751689?
3, 17
List the prime factors of 30104711.
7, 13, 330821
List the prime factors of 1052754.
2, 3, 79, 2221
List the prime factors of 3693673.
37, 99829
What are the prime factors of 3984389?
3984389
What are the prime factors of 915881?
915881
What are the prime factors of 1759?
1759
List the prime factors of 107072.
2, 7, 239
List the prime factors of 228106.
2, 17, 6709
List the prime factors of 2083089.
3, 61, 11383
List the prime factors of 16044032.
2, 3917
List the prime factors of 8401585.
5, 1680317
List the prime factors of 241578.
2, 3, 13421
List the prime factors of 5823644.
2, 1455911
List the prime factors of 4935043.
4935043
List the prime factors of 875111.
379, 2309
What are the prime factors of 711718?
2, 7, 29, 1753
List the prime factors of 810946.
2, 405473
List the prime factors of 20769.
3, 7, 23, 43
What are the prime factors of 166292?
2, 7, 5939
What are the prime factors of 9385016?
2, 1173127
What are the prime factors of 12595691?
17, 740923
What are the prime factors of 599531?
79, 7589
What are the prime factors of 837996?
2, 3, 69833
What are the prime factors of 325206?
2, 3, 7, 29, 89
What are the prime factors of 3118227?
3, 7, 83, 1789
List the prime factors of 191503.
13, 14731
What are the prime factors of 5267813?
307, 17159
What are the prime factors of 1669060?
2, 5, 17, 4909
List the prime factors of 10022926.
2, 179, 27997
List the prime factors of 2213708.
2, 7, 173, 457
List the prime factors of 2276211.
3, 7, 107, 1013
What are the prime factors of 1157117?
13, 89009
What are the prime factors of 255727?
47, 5441
List the prime factors of 8444713.
29, 73, 3989
What are the prime factors of 115927?
7, 16561
List the prime factors of 6780390.
2, 3, 5, 226013
List the prime factors of 1844213.
7, 61, 617
What are the prime factors of 278290?
2, 5, 17, 1637
List the prime factors of 160548.
2, 3, 17, 787
What are the prime factors of 498105?
3, 5, 11069
What are the prime factors of 4795395?
3, 5, 11, 29063
What are the prime factors of 488508?
2, 3, 40709
List the prime factors of 709631.
13, 17, 19
What are the prime factors of 625726?
2, 312863
List the prime factors of 44837.
13, 3449
List the prime factors of 14328771.
3, 179, 26683
What are the prime factors of 5723010?
2, 3, 5, 63589
List the prime factors of 211117.
23, 67, 137
What are the prime factors of 10931892?
2, 3, 857, 1063
List the prime factors of 401823.
3, 44647
What are the prime factors of 110354?
2, 23, 2399
List the prime factors of 2187087.
3, 7, 104147
What are the prime factors of 27323826?
2, 3,